{"id":625,"date":"2026-04-11T10:09:43","date_gmt":"2026-04-11T10:09:43","guid":{"rendered":"https:\/\/balkis.com.tr\/?page_id=625"},"modified":"2026-04-11T10:23:56","modified_gmt":"2026-04-11T10:23:56","slug":"tam-balkon-silinebilir-giyotin","status":"publish","type":"page","link":"https:\/\/balkis.com.tr\/","title":{"rendered":"Tam Balkon Silinebilir Giyotin"},"content":{"rendered":"\n<figure class=\"wp-block-video\"><video autoplay loop muted preload=\"auto\" src=\"https:\/\/www.albertgenau.com\/upload\/Node\/29139\/files\/Tambalkon-Balkonu-Odaya-Donusturur.mp4\" playsinline><\/video><\/figure>\n\n\n\n<p>Minimal profiliyle g\u00f6r\u00fcnmez, panoramik g\u00f6r\u00fc\u015f\u00fcyle fark edilir.<br>\u0130\u00e7erisiyle d\u0131\u015far\u0131s\u0131 aras\u0131ndaki \u00e7izgiyi siler.<br>Bu sadece bir cambalkon de\u011fil. Bu, Tambalkon\u00ae.<\/p>\n\n\n\n<figure class=\"wp-block-image\"><img decoding=\"async\" src=\"https:\/\/www.albertgenau.com\/upload\/Node\/29139\/pics\/Kumandali-Cambalkon.webp\" alt=\"Tam otomatik kumandal\u0131 kolayl\u0131k\"\/><\/figure>\n\n\n\n<h3 class=\"wp-block-heading\"><strong>Tam Otomatik<\/strong><br><strong>Kumandal\u0131 Kolayl\u0131k<\/strong><\/h3>\n\n\n\n<p>Bir tu\u015fla a\u00e7\u0131n, kapat\u0131n, kontrol tamamen sizde. Tambalkon, uzaktan kumanda ile en pratik cam balkon deneyimini sunar.<\/p>\n\n\n\n<figure class=\"wp-block-image\"><img decoding=\"async\" src=\"https:\/\/www.albertgenau.com\/upload\/Node\/29139\/pics\/Yer-Kazandiran-Giyotin-Cambalkon.webp\" alt=\"Yer kazand\u0131ran tasar\u0131m\"\/><\/figure>\n\n\n\n<h3 class=\"wp-block-heading\"><strong>Yer Kazand\u0131ran<\/strong><br><strong>Tasar\u0131m<\/strong><\/h3>\n\n\n\n<p>Katlan\u0131r cam sistemleri birikme yapar, yer kaybettirir. Tambalkon a\u015fa\u011f\u0131 ve yukar\u0131 hareket eden camlar ile yer tasarrufu sa\u011flar, alan\u0131n\u0131z\u0131 geni\u015fletir. Hayalinizdeki balkonu dekore edebilirsiniz.<\/p>\n\n\n\n<figure class=\"wp-block-image\"><img decoding=\"async\" src=\"https:\/\/www.albertgenau.com\/upload\/Node\/29139\/pics\/Panoramik-Manzara-Giyotin-Cambalkon.webp\" alt=\"Tam panoramik manzara\"\/><\/figure>\n\n\n\n<h3 class=\"wp-block-heading\"><strong>Tam Panoramik Manzara<\/strong><\/h3>\n\n\n\n<p>Yatay profiller sayesinde kesintisiz manzaran\u0131n keyfini \u00e7\u0131kar\u0131n.<\/p>\n\n\n\n<p>Panoramik g\u00f6r\u00fcnt\u00fc ile her a\u00e7\u0131dan m\u00fckemmel manzara.<\/p>\n\n\n\n<p><img decoding=\"async\" src=\"https:\/\/www.albertgenau.com\/upload\/Node\/29139\/pics\/magnifics_upscale-iHOzeMFLro96FmuG4Qwy-Tambalkon-Kedi+1.webp\" alt=\"G\u00fcvenlik \u00d6nceli\u011fimiz\"><\/p>\n\n\n\n<h2 class=\"wp-block-heading\">G\u00fcvenlik \u00d6nceli\u011fimiz!<\/h2>\n\n\n\n<p>Paneller istenilen y\u00fckseklikte konumlanarak hem \u00e7ocuklar hem de evcil hayvanlar i\u00e7in&nbsp;daha g\u00fcvenli bir ortam olu\u015fturur.<\/p>\n\n\n\n<h2 class=\"wp-block-heading\"><strong>Tambalkon nas\u0131l temizlenir?<\/strong><\/h2>\n\n\n\n<p>Tambalkon\u00ae, %100 eri\u015filebilir cam panelleriyle temizli\u011fi zahmetsiz hale getirir.<br>Sadece birka\u00e7 ad\u0131mda t\u00fcm y\u00fczeylere kolayca ula\u015fabilirsiniz.<\/p>\n\n\n\n<figure class=\"wp-block-video\"><\/figure>\n\n\n\n<p>1<\/p>\n\n\n\n<p>Uzaktan kumanda ile sistemi tam a\u00e7\u0131k konuma getirin. T\u00fcm cam paneller a\u015fa\u011f\u0131ya iner.<\/p>\n\n\n\n<p>2<\/p>\n\n\n\n<p>Alt paneli serbest b\u0131rakmak i\u00e7in her iki yandaki push butonlara bas\u0131n.<\/p>\n\n\n\n<p>3<\/p>\n\n\n\n<p>Panelleri kendinize do\u011fru \u00e7ekerek hafif e\u011fimli konuma getirin. Bu pozisyonda alt panelin ve orta panelin d\u0131\u015f y\u00fczeyi rahat\u00e7a temizlenir.<\/p>\n\n\n\n<figure class=\"wp-block-image\"><img decoding=\"async\" src=\"https:\/\/www.albertgenau.com\/upload\/Node\/29139\/pics\/young-caucasian-man.webp\" alt=\"\u0130nsan G\u00f6rseli\"\/><\/figure>\n\n\n\n<p><br>\u00dccretsiz ke\u015fif hizmetiyle adresinize geliyor;<br>sistemlerle ilgili t\u00fcm sorular\u0131n\u0131z\u0131 yerinde yan\u0131tl\u0131yoruz.<\/p>\n\n\n\n<p>Evinize Albert Genau&nbsp;<strong>yak\u0131\u015f\u0131r!<\/strong><\/p>\n\n\n\n<figure class=\"wp-block-image\"><img decoding=\"async\" src=\"https:\/\/en.albertgenau.com\/upload\/Node\/29139\/pics\/Basliksiz-1+1.webp\" alt=\"Ev G\u00f6rseli\"\/><\/figure>\n\n\n\n<figure class=\"wp-block-image\"><img decoding=\"async\" src=\"https:\/\/www.albertgenau.com\/upload\/Node\/29139\/pics\/AG-BeyazPNG1080.webp\" alt=\"Albert Genau Logo\"\/><\/figure>\n\n\n\n<p>Size en yak\u0131n Albert Genau sat\u0131\u015f noktas\u0131n\u0131 \u015fimdi bulun.<a href=\"https:\/\/www.albertgenau.com\/tr\/Satis-Noktalari-Albert-Genau-Cambalkon\">SATI\u015e NOKTALARI<\/a><\/p>\n\n\n\n<figure class=\"wp-block-image\"><a href=\"https:\/\/www.albertgenau.com\/upload\/Node\/29139\/pics\/Basliksiz-1.webp\"><img decoding=\"async\" src=\"https:\/\/www.albertgenau.com\/upload\/Node\/29139\/pics\/Basliksiz-1.580px.webp\" alt=\"Ba\u015fl\u0131ks\u0131z 1\"\/><\/a><\/figure>\n\n\n\n<h2 class=\"wp-block-heading\">Paslanmaz Inox Zincir<\/h2>\n\n\n\n<p>Tambalkon\u2019da kullan\u0131lan paslanmaz inox zincirler, 1440 saat tuzlu su testine tabi tutulmu\u015f ve 10 y\u0131l paslanmazl\u0131k garantisi ile sunulmu\u015ftur. Bu teknoloji, ses yapmayan, s\u0131k\u0131\u015fma yapmayan ve uzun \u00f6m\u00fcrl\u00fc bir kullan\u0131m sa\u011flar. Di\u011fer sistemlerde g\u00f6r\u00fclen zincir veya kay\u0131\u015f ar\u0131zalar\u0131na kar\u015f\u0131 dayan\u0131kl\u0131l\u0131\u011f\u0131 ile \u00f6ne \u00e7\u0131kar.<\/p>\n\n\n\n<p><img decoding=\"async\" src=\"https:\/\/www.albertgenau.com\/upload\/Node\/29180\/pics\/Basliksiz-2.150px.webp\" alt=\"Ba\u015fl\u0131ks\u0131z 2\"><\/p>\n\n\n\n<p><strong>Albert Genau Paslanmaz Inox Zincir<\/strong><\/p>\n\n\n\n<p><img decoding=\"async\" src=\"https:\/\/www.albertgenau.com\/upload\/Node\/29180\/pics\/Basliksiz-22.150px.webp\" alt=\"Ba\u015fl\u0131ks\u0131z 22\" class=\"\"><\/p>\n\n\n\n<p><strong>Di\u011fer zincirler zamanla paslan\u0131r.<\/strong><\/p>\n\n\n\n<figure class=\"wp-block-image\"><img decoding=\"async\" src=\"https:\/\/www.albertgenau.com\/upload\/Node\/29139\/pics\/cold+1.webp\" alt=\"Yal\u0131t\u0131m ikonu\"\/><\/figure>\n\n\n\n<h3 class=\"wp-block-heading\">Maksimum Yal\u0131t\u0131m<br>Performans\u0131<\/h3>\n\n\n\n<p>EPDM conta ve k\u0131l f\u0131r\u00e7a birle\u015fimiyle t\u00fcm temas noktalar\u0131nda \u00e7ok katmanl\u0131 yal\u0131t\u0131m sa\u011flar. Cambalkonlar aras\u0131nda en y\u00fcksek yal\u0131t\u0131m de\u011ferine sahip sistem.<\/p>\n\n\n\n<figure class=\"wp-block-image\"><img decoding=\"async\" src=\"https:\/\/www.albertgenau.com\/upload\/Node\/29139\/pics\/panorama.webp\" alt=\"Estetik ikonu\"\/><\/figure>\n\n\n\n<h3 class=\"wp-block-heading\">Estetik ve<br>Fonksiyonellik<\/h3>\n\n\n\n<p>Az profilli tasar\u0131m\u0131 ve a\u00e7\u0131ld\u0131\u011f\u0131nda korkuluk g\u00f6revi g\u00f6rmesiyle \u015f\u0131k ve estetik bir balkon keyfi sunar. Minimalist bir \u015f\u0131kl\u0131k, m\u00fckemmel fonksiyon.<\/p>\n\n\n\n<figure class=\"wp-block-image\"><img decoding=\"async\" src=\"https:\/\/www.albertgenau.com\/upload\/Node\/29139\/pics\/fan.webp\" alt=\"Havaland\u0131rma ikonu\"\/><\/figure>\n\n\n\n<h3 class=\"wp-block-heading\">Havaland\u0131rma<br>Se\u00e7enekleri<\/h3>\n\n\n\n<p>Tam a\u00e7\u0131k, tam kapal\u0131 veya istedi\u011finiz aral\u0131kta. Tambalkon, size diledi\u011finiz \u015fekilde havaland\u0131rma se\u00e7ene\u011fi sunarak maksimum fonksiyonellik sa\u011flar.<\/p>\n\n\n\n<figure class=\"wp-block-image\"><img decoding=\"async\" src=\"https:\/\/www.albertgenau.com\/upload\/Node\/29180\/pics\/AllClean0336+1.375px.webp\" alt=\"AllClean0336\"\/><\/figure>\n\n\n\n<h2 class=\"wp-block-heading\">D\u00f6rt Uluslararas\u0131 Tasar\u0131m \u00d6d\u00fcll\u00fc<\/h2>\n\n\n\n<p><img decoding=\"async\" src=\"https:\/\/www.albertgenau.com\/upload\/Node\/29180\/pics\/tambalkon_buyuk.200px.webp\" alt=\"tambalkon buyuk\"><\/p>\n\n\n\n<p>Albert Genau m\u00fchendisli\u011finin \u00fcr\u00fcn\u00fc Tambalkon\u00ae, hem mimari uyumuyla hem de sundu\u011fu yeniliklerle d\u00fcnya \u00e7ap\u0131nda tasar\u0131m otoritelerinden tam not ald\u0131.<\/p>\n\n\n\n<p>4 prestijli uluslararas\u0131 \u00f6d\u00fcl ile ta\u00e7land\u0131r\u0131ld\u0131.<\/p>\n\n\n\n<p><img decoding=\"async\" src=\"https:\/\/www.albertgenau.com\/upload\/Node\/29180\/pics\/awrds-580px.300px.webp\" alt=\"awrds\"><\/p>\n\n\n\n<h2 class=\"wp-block-heading\">Albert Genau Motor<\/h2>\n\n\n\n<p>Sistemin kalbi, motorudur. Tambalkon\u2019un motoru, \u0130talya\u2019da \u00fcretilen Albert Genau markal\u0131 \u00f6zel seri motordur. Uzak do\u011fu motorlar\u0131n\u0131n aksine 5 Y\u0131l Garantilidir. Uzun \u00f6m\u00fcrl\u00fc performans i\u00e7in Avrupa standartlar\u0131nda test edildi.<\/p>\n\n\n\n<p><img decoding=\"async\" src=\"https:\/\/www.albertgenau.com\/upload\/Node\/29180\/pics\/Basliksiz-3.200px.webp\" alt=\"Ba\u015fl\u0131ks\u0131z 3\"><\/p>\n\n\n\n<h2 class=\"wp-block-heading\"><\/h2>\n","protected":false},"excerpt":{"rendered":"<p>Minimal profiliyle g\u00f6r\u00fcnmez, panoramik g\u00f6r\u00fc\u015f\u00fcyle fark edilir.\u0130\u00e7erisiyle d\u0131\u015far\u0131s\u0131 aras\u0131ndaki \u00e7izgiyi siler.Bu sadece bir cambalkon de\u011fil. Bu, Tambalkon\u00ae. Tam OtomatikKumandal\u0131 Kolayl\u0131k Bir tu\u015fla a\u00e7\u0131n, kapat\u0131n, kontrol tamamen sizde. Tambalkon, uzaktan kumanda ile en pratik cam balkon deneyimini sunar. Yer Kazand\u0131ranTasar\u0131m Katlan\u0131r&#8230;<\/p>\n","protected":false},"author":1,"featured_media":0,"parent":0,"menu_order":1,"comment_status":"closed","ping_status":"closed","template":"front-page.php","meta":{"footnotes":""},"class_list":["post-625","page","type-page","status-publish","hentry"],"yoast_head":"<!-- This site is optimized with the Yoast SEO plugin v27.4 - https:\/\/yoast.com\/product\/yoast-seo-wordpress\/ -->\n<title>Tam Balkon Silinebilir Giyotin - Albert Genau<\/title>\n<meta name=\"robots\" content=\"index, follow, max-snippet:-1, max-image-preview:large, max-video-preview:-1\" \/>\n<link rel=\"canonical\" href=\"https:\/\/balkis.com.tr\/\" \/>\n<meta property=\"og:locale\" content=\"tr_TR\" \/>\n<meta property=\"og:type\" content=\"article\" \/>\n<meta property=\"og:title\" content=\"Tam Balkon Silinebilir Giyotin - Albert Genau\" \/>\n<meta property=\"og:description\" content=\"Minimal profiliyle g\u00f6r\u00fcnmez, panoramik g\u00f6r\u00fc\u015f\u00fcyle fark edilir.\u0130\u00e7erisiyle d\u0131\u015far\u0131s\u0131 aras\u0131ndaki \u00e7izgiyi siler.Bu sadece bir cambalkon de\u011fil. Bu, Tambalkon\u00ae. Tam OtomatikKumandal\u0131 Kolayl\u0131k Bir tu\u015fla a\u00e7\u0131n, kapat\u0131n, kontrol tamamen sizde. Tambalkon, uzaktan kumanda ile en pratik cam balkon deneyimini sunar. Yer Kazand\u0131ranTasar\u0131m Katlan\u0131r...\" \/>\n<meta property=\"og:url\" content=\"https:\/\/balkis.com.tr\/\" \/>\n<meta property=\"og:site_name\" content=\"Albert Genau\" \/>\n<meta property=\"article:publisher\" content=\"https:\/\/www.facebook.com\/balkispen\" \/>\n<meta property=\"article:modified_time\" content=\"2026-04-11T10:23:56+00:00\" \/>\n<meta property=\"og:image\" content=\"https:\/\/www.albertgenau.com\/upload\/Node\/29139\/pics\/Kumandali-Cambalkon.webp\" \/>\n<meta name=\"twitter:card\" content=\"summary_large_image\" \/>\n<meta name=\"twitter:site\" content=\"@balkispen\" \/>\n<meta name=\"twitter:label1\" content=\"Tahmini okuma s\u00fcresi\" \/>\n\t<meta name=\"twitter:data1\" content=\"6 dakika\" \/>\n<script type=\"application\/ld+json\" class=\"yoast-schema-graph\">{\"@context\":\"https:\\\/\\\/schema.org\",\"@graph\":[{\"@type\":\"WebPage\",\"@id\":\"https:\\\/\\\/balkis.com.tr\\\/\",\"url\":\"https:\\\/\\\/balkis.com.tr\\\/\",\"name\":\"Tam Balkon Silinebilir Giyotin - Albert Genau\",\"isPartOf\":{\"@id\":\"https:\\\/\\\/balkis.com.tr\\\/#website\"},\"primaryImageOfPage\":{\"@id\":\"https:\\\/\\\/balkis.com.tr\\\/#primaryimage\"},\"image\":{\"@id\":\"https:\\\/\\\/balkis.com.tr\\\/#primaryimage\"},\"thumbnailUrl\":\"https:\\\/\\\/www.albertgenau.com\\\/upload\\\/Node\\\/29139\\\/pics\\\/Kumandali-Cambalkon.webp\",\"datePublished\":\"2026-04-11T10:09:43+00:00\",\"dateModified\":\"2026-04-11T10:23:56+00:00\",\"breadcrumb\":{\"@id\":\"https:\\\/\\\/balkis.com.tr\\\/#breadcrumb\"},\"inLanguage\":\"tr\",\"potentialAction\":[{\"@type\":\"ReadAction\",\"target\":[\"https:\\\/\\\/balkis.com.tr\\\/\"]}]},{\"@type\":\"ImageObject\",\"inLanguage\":\"tr\",\"@id\":\"https:\\\/\\\/balkis.com.tr\\\/#primaryimage\",\"url\":\"https:\\\/\\\/www.albertgenau.com\\\/upload\\\/Node\\\/29139\\\/pics\\\/Kumandali-Cambalkon.webp\",\"contentUrl\":\"https:\\\/\\\/www.albertgenau.com\\\/upload\\\/Node\\\/29139\\\/pics\\\/Kumandali-Cambalkon.webp\"},{\"@type\":\"BreadcrumbList\",\"@id\":\"https:\\\/\\\/balkis.com.tr\\\/#breadcrumb\",\"itemListElement\":[{\"@type\":\"ListItem\",\"position\":1,\"name\":\"Ana sayfa\",\"item\":\"https:\\\/\\\/balkis.com.tr\\\/\"},{\"@type\":\"ListItem\",\"position\":2,\"name\":\"Tam Balkon Silinebilir Giyotin\"}]},{\"@type\":\"WebSite\",\"@id\":\"https:\\\/\\\/balkis.com.tr\\\/#website\",\"url\":\"https:\\\/\\\/balkis.com.tr\\\/\",\"name\":\"Albert Genau\",\"description\":\"Kaliteyi deneyimimizle birle\u015ftirdik...\",\"publisher\":{\"@id\":\"https:\\\/\\\/balkis.com.tr\\\/#organization\"},\"potentialAction\":[{\"@type\":\"SearchAction\",\"target\":{\"@type\":\"EntryPoint\",\"urlTemplate\":\"https:\\\/\\\/balkis.com.tr\\\/?s={search_term_string}\"},\"query-input\":{\"@type\":\"PropertyValueSpecification\",\"valueRequired\":true,\"valueName\":\"search_term_string\"}}],\"inLanguage\":\"tr\"},{\"@type\":\"Organization\",\"@id\":\"https:\\\/\\\/balkis.com.tr\\\/#organization\",\"name\":\"Balk\u0131\u015f Karde\u015fler Plastik Do\u011frama ve \u0130n\u015f.San.Tic.Ltd.\u015eti.\",\"url\":\"https:\\\/\\\/balkis.com.tr\\\/\",\"logo\":{\"@type\":\"ImageObject\",\"inLanguage\":\"tr\",\"@id\":\"https:\\\/\\\/balkis.com.tr\\\/#\\\/schema\\\/logo\\\/image\\\/\",\"url\":\"https:\\\/\\\/balkis.com.tr\\\/wp-content\\\/uploads\\\/2017\\\/10\\\/cropped-balkispen-1.png\",\"contentUrl\":\"https:\\\/\\\/balkis.com.tr\\\/wp-content\\\/uploads\\\/2017\\\/10\\\/cropped-balkispen-1.png\",\"width\":1657,\"height\":480,\"caption\":\"Balk\u0131\u015f Karde\u015fler Plastik Do\u011frama ve \u0130n\u015f.San.Tic.Ltd.\u015eti.\"},\"image\":{\"@id\":\"https:\\\/\\\/balkis.com.tr\\\/#\\\/schema\\\/logo\\\/image\\\/\"},\"sameAs\":[\"https:\\\/\\\/www.facebook.com\\\/balkispen\",\"https:\\\/\\\/x.com\\\/balkispen\",\"https:\\\/\\\/www.instagram.com\\\/balkispen_winsa_albertgenau\\\/\"]}]}<\/script>\n<!-- \/ Yoast SEO plugin. -->","yoast_head_json":{"title":"Tam Balkon Silinebilir Giyotin - Albert Genau","robots":{"index":"index","follow":"follow","max-snippet":"max-snippet:-1","max-image-preview":"max-image-preview:large","max-video-preview":"max-video-preview:-1"},"canonical":"https:\/\/balkis.com.tr\/","og_locale":"tr_TR","og_type":"article","og_title":"Tam Balkon Silinebilir Giyotin - Albert Genau","og_description":"Minimal profiliyle g\u00f6r\u00fcnmez, panoramik g\u00f6r\u00fc\u015f\u00fcyle fark edilir.\u0130\u00e7erisiyle d\u0131\u015far\u0131s\u0131 aras\u0131ndaki \u00e7izgiyi siler.Bu sadece bir cambalkon de\u011fil. Bu, Tambalkon\u00ae. Tam OtomatikKumandal\u0131 Kolayl\u0131k Bir tu\u015fla a\u00e7\u0131n, kapat\u0131n, kontrol tamamen sizde. Tambalkon, uzaktan kumanda ile en pratik cam balkon deneyimini sunar. Yer Kazand\u0131ranTasar\u0131m Katlan\u0131r...","og_url":"https:\/\/balkis.com.tr\/","og_site_name":"Albert Genau","article_publisher":"https:\/\/www.facebook.com\/balkispen","article_modified_time":"2026-04-11T10:23:56+00:00","og_image":[{"url":"https:\/\/www.albertgenau.com\/upload\/Node\/29139\/pics\/Kumandali-Cambalkon.webp","type":"","width":"","height":""}],"twitter_card":"summary_large_image","twitter_site":"@balkispen","twitter_misc":{"Tahmini okuma s\u00fcresi":"6 dakika"},"schema":{"@context":"https:\/\/schema.org","@graph":[{"@type":"WebPage","@id":"https:\/\/balkis.com.tr\/","url":"https:\/\/balkis.com.tr\/","name":"Tam Balkon Silinebilir Giyotin - Albert Genau","isPartOf":{"@id":"https:\/\/balkis.com.tr\/#website"},"primaryImageOfPage":{"@id":"https:\/\/balkis.com.tr\/#primaryimage"},"image":{"@id":"https:\/\/balkis.com.tr\/#primaryimage"},"thumbnailUrl":"https:\/\/www.albertgenau.com\/upload\/Node\/29139\/pics\/Kumandali-Cambalkon.webp","datePublished":"2026-04-11T10:09:43+00:00","dateModified":"2026-04-11T10:23:56+00:00","breadcrumb":{"@id":"https:\/\/balkis.com.tr\/#breadcrumb"},"inLanguage":"tr","potentialAction":[{"@type":"ReadAction","target":["https:\/\/balkis.com.tr\/"]}]},{"@type":"ImageObject","inLanguage":"tr","@id":"https:\/\/balkis.com.tr\/#primaryimage","url":"https:\/\/www.albertgenau.com\/upload\/Node\/29139\/pics\/Kumandali-Cambalkon.webp","contentUrl":"https:\/\/www.albertgenau.com\/upload\/Node\/29139\/pics\/Kumandali-Cambalkon.webp"},{"@type":"BreadcrumbList","@id":"https:\/\/balkis.com.tr\/#breadcrumb","itemListElement":[{"@type":"ListItem","position":1,"name":"Ana sayfa","item":"https:\/\/balkis.com.tr\/"},{"@type":"ListItem","position":2,"name":"Tam Balkon Silinebilir Giyotin"}]},{"@type":"WebSite","@id":"https:\/\/balkis.com.tr\/#website","url":"https:\/\/balkis.com.tr\/","name":"Albert Genau","description":"Kaliteyi deneyimimizle birle\u015ftirdik...","publisher":{"@id":"https:\/\/balkis.com.tr\/#organization"},"potentialAction":[{"@type":"SearchAction","target":{"@type":"EntryPoint","urlTemplate":"https:\/\/balkis.com.tr\/?s={search_term_string}"},"query-input":{"@type":"PropertyValueSpecification","valueRequired":true,"valueName":"search_term_string"}}],"inLanguage":"tr"},{"@type":"Organization","@id":"https:\/\/balkis.com.tr\/#organization","name":"Balk\u0131\u015f Karde\u015fler Plastik Do\u011frama ve \u0130n\u015f.San.Tic.Ltd.\u015eti.","url":"https:\/\/balkis.com.tr\/","logo":{"@type":"ImageObject","inLanguage":"tr","@id":"https:\/\/balkis.com.tr\/#\/schema\/logo\/image\/","url":"https:\/\/balkis.com.tr\/wp-content\/uploads\/2017\/10\/cropped-balkispen-1.png","contentUrl":"https:\/\/balkis.com.tr\/wp-content\/uploads\/2017\/10\/cropped-balkispen-1.png","width":1657,"height":480,"caption":"Balk\u0131\u015f Karde\u015fler Plastik Do\u011frama ve \u0130n\u015f.San.Tic.Ltd.\u015eti."},"image":{"@id":"https:\/\/balkis.com.tr\/#\/schema\/logo\/image\/"},"sameAs":["https:\/\/www.facebook.com\/balkispen","https:\/\/x.com\/balkispen","https:\/\/www.instagram.com\/balkispen_winsa_albertgenau\/"]}]}},"_links":{"self":[{"href":"https:\/\/balkis.com.tr\/index.php?rest_route=\/wp\/v2\/pages\/625","targetHints":{"allow":["GET"]}}],"collection":[{"href":"https:\/\/balkis.com.tr\/index.php?rest_route=\/wp\/v2\/pages"}],"about":[{"href":"https:\/\/balkis.com.tr\/index.php?rest_route=\/wp\/v2\/types\/page"}],"author":[{"embeddable":true,"href":"https:\/\/balkis.com.tr\/index.php?rest_route=\/wp\/v2\/users\/1"}],"replies":[{"embeddable":true,"href":"https:\/\/balkis.com.tr\/index.php?rest_route=%2Fwp%2Fv2%2Fcomments&post=625"}],"version-history":[{"count":2,"href":"https:\/\/balkis.com.tr\/index.php?rest_route=\/wp\/v2\/pages\/625\/revisions"}],"predecessor-version":[{"id":628,"href":"https:\/\/balkis.com.tr\/index.php?rest_route=\/wp\/v2\/pages\/625\/revisions\/628"}],"wp:attachment":[{"href":"https:\/\/balkis.com.tr\/index.php?rest_route=%2Fwp%2Fv2%2Fmedia&parent=625"}],"curies":[{"name":"wp","href":"https:\/\/api.w.org\/{rel}","templated":true}]}}